00011
In base 9, what is 0 - -1046827?
1046827
In base 16, what is -1 + -39fa1?
-39fa2
In base 16, what is 898b + 1a?
89a5
In base 7, what is -4 + 10346132?
10346125
In base 15, what is 119430 - 3?
11942c
In base 12, what is 4 + 241b22?
241b26
In base 14, what is -226d + 7d?
-21d0
In base 7, what is -445 - 6640?
-10415
In base 13, what is -6 + -4052?
-4058
In base 16, what is -16 + -1a5e?
-1a74
In base 8, what is -100525 + -3?
-100530
In base 2, what is -1010001 - -11010000011000?
11001111000111
In base 15, what is -a6 - cb?
-182
In base 16, what is 49 + ad?
f6
In base 7, what is -6125 - -1?
-6124
In base 15, what is be5 + 3e?
c34
In base 12, what is 3 + 48022?
48025
In base 7, what is -2 + 10323000?
10322665
In base 15, what is -d726 - -3?
-d723
In base 15, what is -6 - -224?
21d
In base 12, what is 3aa - -a75?
1263
In base 9, what is 88 - 1110?
-1011
In base 12, what is -4 - -5a4?
5a0
In base 14, what is 2ab + 47?
314
In base 8, what is -764474 + -2?
-764476
In base 13, what is -197c - -13?
-1969
In base 5, what is 1112332 - 30?
1112302
In base 2, what is 100110111010 + -1001000?
100101110010
In base 8, what is 2 - 312542?
-312540
In base 10, what is -327974 - 1?
-327975
In base 14, what is b + -147?
-13a
In base 16, what is 2c2 - 11?
2b1
In base 12, what is -172b72 - -5?
-172b69
In base 2, what is 1111100100 - -1000001?
10000100101
In base 16, what is -7 + -398?
-39f
In base 5, what is 204 - 1023?
-314
In base 5, what is -13011320 + 2?
-13011313
In base 8, what is -3 + 207662?
207657
In base 12, what is -3131 - -42?
-30ab
In base 13, what is 2a3 - 157?
149
In base 11, what is 684 - -77?
750
In base 8, what is 2 + 7626?
7630
In base 12, what is 0 - a9950?
-a9950
In base 12, what is 108 + 448?
554
In base 4, what is -2020303 + 13?
-2020230
In base 9, what is 70248 - 10?
70238
In base 12, what is -2 + -938a?
-9390
In base 5, what is -4140 + -10241?
-14431
In base 13, what is -58464 - 0?
-58464
In base 7, what is 411 - -3441?
4152
In base 14, what is 22 - -6a09?
6a2b
In base 11, what is 10 - 633?
-623
In base 7, what is -113 - 1560?
-2003
In base 4, what is 10302210321 - 11?
10302210310
In base 13, what is -c + 2aa7?
2a98
In base 9, what is 4 + 25480?
25484
In base 5, what is 1240 - -243?
2033
In base 2, what is -1011000100 + 101001?
-1010011011
In base 13, what is 5 + 19b40?
19b45
In base 14, what is 48 - -4c1b?
4c65
In base 9, what is -11221 + 7?
-11213
In base 12, what is 2 - 327b?
-3279
In base 10, what is 772 - 36?
736
In base 3, what is -10022210 + 12?
-10022121
In base 6, what is 21015 - -32?
21051
In base 7, what is 2001241 - 0?
2001241
In base 2, what is 1111011 - 100001100001?
-11111100110
In base 16, what is 17 - -5c9?
5e0
In base 10, what is 2823 - 389?
2434
In base 9, what is 220 + 78?
308
In base 6, what is -1124 - 5303?
-10431
In base 2, what is 100000111100100011110 - 1?
100000111100100011101
In base 13, what is 10689 + 1b?
106a7
In base 10, what is 6042 + -110?
5932
In base 13, what is -5 - -15ca60?
15ca58
In base 6, what is 1 - -114511?
114512
In base 11, what is -3a0 - -1212?
922
In base 4, what is -2000022110 - 11?
-2000022121
In base 6, what is -24512003 + 1?
-24512002
In base 16, what is 2641 + 4a?
268b
In base 10, what is 61 + -17?
44
In base 13, what is -806 + 4?
-802
In base 6, what is 23 + -1522?
-1455
In base 13, what is 765cc - -4?
76603
In base 14, what is 2 + b944?
b946
In base 6, what is 14411 - 21?
14350
In base 13, what is 248 - -10?
258
In base 6, what is -320 + -131503?
-132223
In base 7, what is 310 - 10405?
-10065
In base 10, what is -8 + -368?
-376
In base 6, what is 1 + 25212?
25213
In base 13, what is -917aa - 7?
-917b4
In base 2, what is -10010111001110 + -10111?
-10010111100101
In base 6, what is 5 - 154130?
-154121
In base 14, what is 49b05 + 5?
49b0a
In base 15, what is -984 - -5?
-97e
In base 11, what is -64358 + -1?
-64359
In base 12, what is 4921 + 77?
4998
In base 13, what is -3073 - 25b?
-3301
In base 11, what is -40 + -817?
-857
In base 14, what is -27 + -159?
-182
In base 8, what is -11 + 27716?
27705
In base 4, what is -100 + 301?
201
In base 8, what is 10120 - 3?
10115
In base 14, what is -2 - c7a?
-c7c
In base 9, what is 387 + 265?
663
In base 8, what is -523 + -5563?
-6306
In base 15, what is -a60 - 3?
-a63
In base 7, what is -2114501 - -5?
-2114463
In base 5, what is 211244 + -2331?
203413
In base 10, what is 193 + 267?
460
In base 15, what is b3c + -1d4?
958
In base 7, what is -344314 - -5?
-344306
In base 4, what is 11232 - -1022?
12320
In base 8, what is 376 - -2144?
2542
In base 6, what is 2003 - 14?
1545
In base 9, what is -38543 - 2?
-38545
In base 12, what is -30b90 + -5?
-30b95
In base 12, what is -6b2 - -1618?
b26
In base 10, what is -10 + -1200?
-1210
In base 10, what is 3 + 981?
984
In base 4, what is 3311130 - 31?
3311033
In base 3, what is 110 + -10101122?
-10101012
In base 2, what is -10000100111000111 - -101?
-10000100111000010
In base 9, what is 153 - -38103?
38256
In base 6, what is 253532 + -20?
253512
In base 13, what is 2b42b - -5?
2b433
In base 9, what is 1 + -125475?
-125474
In base 10, what is -1291383 - 1?
-1291384
In base 6, what is 41344 + 125?
41513
In base 6, what is -24 + 52405?
52341
In base 13, what is -a1 + 4a97?
49c6
In base 7, what is 1 - -3516624?
3516625
In base 16, what is 6 + -19f2e?
-19f28
In base 12, what is 9352 - 1?
9351
In base 3, what is 1001011 - -102101?
1110112
In base 6, what is 2 + -2241?
-2235
In base 2, what is 11101101110110 - 11?
11101101110011
In base 16, what is -90b71 + -1?
-90b72
In base 16, what is -30d + -2e?
-33b
In base 16, what is b7 + -678e?
-66d7
In base 16, what is -399 - 22?
-3bb
In base 3, what is -11 + -12212202020?
-12212202101
In base 4, what is 3 + 13100021?
13100030
In base 11, what is 26 + 1277?
12a2
In base 5, what is -1041413 - 10?
-1041423
In base 4, what is 32003 + 1303?
33312
In base 9, what is 67 - -131?
208
In base 9, what is 317 - 1224?
-806
In base 3, what is 211 + -1101221202?
-1101220221
In base 13, what is 88ca - 9?
88c1
In base 7, what is -353 + -1164?
-1550
In base 8, what is -4406634 - -4?
-4406630
In base 10, what is -268619 - -1?
-268618
In base 6, what is 30 + 51535?
52005
In base 12, what is -131 - 12?
-143
In base 16, what is -1 - -7ee51?
7ee50
In base 5, what is -3 + 10310232?
10310224
In base 5, what is -2044310 - 24?
-2044334
In base 2, what is -1110111100110100100 - 100?
-1110111100110101000
In base 2, what is -1100100011011001 + 10?
-1100100011010111
In base 8, what is 27 + -146753?
-146724
In base 5, what is -3022200 + 2?
-3022143
In base 3, what is -10 + -1101112?
-1101122
In base 3, what is -2 - -2200222201?
2200222122
In base 10, what is 5 - 280765?
-280760
In base 5, what is 111 - -21134?
21300
In base 10, what is 23 - 71268?
-71245
In base 3, what is 2 - -121221021011?
121221021020
In base 12, what is -6b + -b1?
-160
In base 6, what is 11 + 13033223?
13033234
In base 16, what is -324b05 + 4?
-324b01
In base 9, what is 7826 + -134?
7682
In base 14, what is 26b680 + -5?
26b679
In base 2, what is 1111001000001110001 + -111?
1111001000001101010
In base 12, what is -4 + -1376a?
-13772
In base 7, what is 222343 + 4?
222350
In base 9, what is 3004141 + -3?
3004137
In base 8, what is 1425416 + -5?
1425411
In base 2, what is 11011010100000000 + -10?
11011010011111110
In base 11, what is 2 + -22512a?
-225128
In base 8, what is 10 + 16153?
16163
In base 7, what is 42160 - 201?
41656
In base 16, what is 4 - -5409?
540d
In base 5, what is -10 + -3023344?
-3023404
In base 3, what is 200 + 102000121120?
102000122020
In base 3, what is -210100100 + 12?
-210100011
In base 12, what is -a9 - -b8bb?
b812
In base 13, what is -51c - 2?
-521
In base 3, what is 1201002 + 12012121?
20220200
In base 8, what is 5 - 346422?
-346415
In base 9, what is 36 - 42108?
-42062
In base 4, what is -200321 + -223?
-201210
In base 15, what is 1572da + 4?
1572de
In base 16, what is -75ab + 4?
-75a7
In base 7, what is 313 - -15626?
16242
In base 13, what is -3 - -11b98?
11b95
In base 2, what is 1000111001110110101 - 0?
1000111001110110101
In base 11, what is -351505 + 0?
-351505
In base 2, what is 101 - -10000111111110110?
10000111111111011
In base 10, what is -4 - -9419?
9415
In base 14, what is -52647 + -3?
-5264a
In base